 Let v(i) = i**3 - 7*i**2 - 8*i + 14. List the prime factors of v(a).
2, 7
Suppose 30*j = 31*j - 846. List the prime factors of j.
2, 3, 47
Let h = 37 - 7. Let j = 36 - h. What are the prime factors of j?
2, 3
Suppose 0 = o - 0*o - 14. Suppose 4*l - 54 = o. Suppose l + 6 = n. List the prime factors of n.
23
Let g(o) = o**3 + 15*o**2 - o - 10. Let a be g(-15). Suppose -a*d + 4*d + 65 = 2*p, -4*p + 134 = -2*d. List the prime factors of p.
3, 11
Let c(t) = 7*t**3 - 8*t**2 - 2*t - 12. Let h(q) = 8*q**3 - 9*q**2 - 3*q - 13. Let f(z) = 6*c(z) - 5*h(z). What are the prime factors of f(3)?
29
Suppose -3*b = -15, 0 = -0*o + 2*o + 2*b - 22. Let c be (7 - 1)*(17 - o). Suppose c = u + 2*u. What are the prime factors of u?
2, 11
Let y(d) = -5*d**3 + 4*d**2 + 3*d + 6. Let o be y(-4). Suppose 123 = -5*n + o. List the prime factors of n.
3, 17
Let k(a) = -847*a**3 + 2*a**2 + a - 1. List the prime factors of k(-1).
7, 11
Suppose 0*i = i + 2*j + 3, i + j = 0. Suppose 4*c - 6 = -k, 2*k + 3 = 3*c + 4. What are the prime factors of (-4 + i + k)*7?
7
Suppose -4*g = g + 125. Let u = g + 81. Suppose 0 = -2*v + 4*y + u, 0 = -4*v + v - 4*y + 74. List the prime factors of v.
2, 13
Suppose -18*b = -8148 - 36834. List the prime factors of b.
3, 7, 17
Let m = 1066 + 867. What are the prime factors of m?
1933
Let j(m) = 2*m - 3. Let q be j(0). Let r be q - 4*(-3)/(-12). List the prime factors of r*((-10)/4 + -2).
2, 3
List the prime factors of (2/(-2) - -2) + 3248/14.
233
Suppose 3*v = 8*v + 3*z - 1194, z + 1202 = 5*v. What are the prime factors of v?
2, 3, 5
Let l be ((-39)/9 + 3)*(-1 + -2). Suppose 307 = 3*y - l*w, -2*y - 2*y - w = -422. List the prime factors of y.
3, 5, 7
Let q be -1 - (-3 + (2 - 5)). Suppose -6*y = -q*y - 25. List the prime factors of y.
5
Let l(r) be the second derivative of -7*r**5/20 - r**4/12 - r**3/3 - r**2/2 - 4*r. Let b be l(-1). List the prime factors of 0 + 0 - (-3 - b).
2, 5
Suppose -4*z = -4*q + z + 208, 0 = 2*q + z - 104. Let g = q + -23. List the prime factors of g.
29
Let r = 1 - -63. Suppose -32 - r = -2*q. Suppose -9*v + 11*v = q. What are the prime factors of v?
2, 3
Suppose 6*k + 402 - 7146 = 0. List the prime factors of k.
2, 281
Let o(c) = 2*c - 16. Let y be o(29). Suppose -k + 2*k = 2*j + y, 4*k = 3*j + 183. List the prime factors of k.
2, 3
Let s = 488 + -317. Suppose -k + 5*k - 90 = -q, 0 = 2*q + 5*k - s. What are the prime factors of q?
2, 3, 13
Let f be 3/4 + 551/76. Let l(o) = o - 2. What are the prime factors of l(f)?
2, 3
Suppose 2*d + 42 + 2 = 0. What are the prime factors of (-11760)/(-176) + (-4)/d?
67
List the prime factors of 0 - (8 + -3 - 4) - -167.
2, 83
Suppose 0 = 4*b - 0 - 12. Let i be 102 + -4 + b + 3. Suppose i = 4*g - 20. List the prime factors of g.
31
Let t = 37 + -33. Suppose -4*y + t*u = 2*u - 106, y + 4*u = 40. What are the prime factors of y?
2, 7
List the prime factors of -2 + 2 - (-911 + 0/(-6)).
911
Let o be 103/2 - (-15)/6. Let q = 167 - o. List the prime factors of q.
113
Let i(k) = 5*k**3 - 5*k**2 + 25*k - 18. What are the prime factors of i(7)?
1627
Let a(w) = -w**2 - 16*w - 11. Let r(o) = -o**2 + 7*o - 4. Let s be r(8). List the prime factors of a(s).
37
Suppose 0 = -q - 12 + 7. What are the prime factors of (114/q)/((-33)/110)?
2, 19
Let g be 1*2/(-4 + 6). Let u be g - 0*2/8. List the prime factors of (8/(-16))/(u/(-58)).
29
Let o(t) = t**3 + 5*t**2 + 3*t + 2. Let c be o(-5). List the prime factors of c/65 - 2/10*-181.
2, 3
What are the prime factors of ((4/(-5))/(-2))/((-23)/(-221145))?
2, 3, 641
Let d(p) = p**2 + 2*p + 4. Suppose 1 = i + 6. What are the prime factors of d(i)?
19
Suppose -72*p + 350676 = 3060. What are the prime factors of p?
2, 17, 71
Let h(q) = 72*q + 21. Suppose -13*p + 10*p = -6. What are the prime factors of h(p)?
3, 5, 11
Let g be ((-4)/6)/(10/(-1545))*1. Suppose 0 = 5*a - 25, -4*x + 3*a = -1040 + g. List the prime factors of x.
2, 7, 17
Suppose 0 = -3*n + 3*v - 3, n - 8*v + 4*v - 11 = 0. Let q(g) = -24*g**2 - g - 7 + 0*g**3 - g**3 + 21*g**2. List the prime factors of q(n).
2, 3
Let y = -28 + 16. Let z = 11 + y. What are the prime factors of z/(-2)*58 + -3?
2, 13
Let q(z) = 14*z - 2. Let k be q(3). Let u = -5 + k. List the prime factors of u.
5, 7
Let x be 11 + -8 - (-29 + 0). Let j = 19 - x. Let z = j - -21. List the prime factors of z.
2
Suppose -2*b - b + 15 = 0. Suppose b*s = 2*w - 135, 5*s = -w + 35 + 40. What are the prime factors of w?
2, 5, 7
Let g = -10 - -13. Let t be 0 - -2 - (2 - g). Let s = t - 1. List the prime factors of s.
2
List the prime factors of (-375 + 48)/(((-3)/(-2))/(-1)).
2, 109
Let d be (-8 - 12/(-3)) + 12. Let q = -6 + d. Suppose g - 4*g + 4*o = -137, 84 = q*g + o. List the prime factors of g.
43
Let s be (-11 + 1)*(2 + -1). What are the prime factors of 13/(-65) - 172/s?
17
Let g = -152 + 107. Let v = 242 + g. List the prime factors of v.
197
Suppose -3*v - 2*v = 5. Let p be 2 + (-4 + v)*2. List the prime factors of 0 - 2*44/p.
11
Suppose -g + 3 + 1 = 0. Suppose 4 = y - 2*y + 3*s, 0 = -y - s + g. Suppose -y*d - 50 = -4*d. List the prime factors of d.
5
Suppose -7*n - 5*m = -4*n - 1045, 4*n = -5*m + 1385. List the prime factors of n.
2, 5, 17
Let l be -9*5/((-60)/(-44)). Let z = -25 - l. Let g(r) = 3*r + 8. List the prime factors of g(z).
2
Let m = 10 + -5. Suppose -m*j - 3*r = -205 - 178, 2*j - 149 = 3*r. What are the prime factors of j?
2, 19
List the prime factors of (-63135)/(-55) - (3/(-11))/3.
2, 7, 41
Let d be (-2)/(2 - 24/10). Suppose -5*k + d*q + 67 - 17 = 0, 0 = 3*q + 6. Suppose 4*x = k*x - 8. List the prime factors of x.
2
Suppose -h = -2*l - 490, h + 3*h - 1980 = -2*l. List the prime factors of h.
2, 13, 19
Let l = 822 + -426. What are the prime factors of l?
2, 3, 11
Let n = 6431 + -2172. List the prime factors of n.
4259
Let v = 11 - 7. Suppose 5*r + 0*r - v*k = 103, 0 = -5*r + 5*k + 100. What are the prime factors of r?
23
Let x(h) = -h**3 + 3*h**2 + 11*h**2 + h + 5*h**2 + 9. List the prime factors of x(19).
2, 7
Let p = 349 - -144. What are the prime factors of p?
17, 29
Let q be ((-2)/6)/((-2)/6). Let a be (0/6)/(-1*q). Suppose u - 5*u + 24 = a. What are the prime factors of u?
2, 3
Suppose -6*n + n = -4*n. Suppose -10*w + 12*w - 218 = n. List the prime factors of w.
109
Suppose -53*c + 48*c + 2126 = 3*a, -a - 857 = -2*c. What are the prime factors of c?
7, 61
Let w = 1321 + -729. List the prime factors of w.
2, 37
Let a(l) = -2 + 11*l**2 + 3*l + 15 + 6*l + l**3. Let n(f) = 2*f**3 + 2*f**2 + f. Let v be n(-2). List the prime factors of a(v).
23
Let w(o) = 35*o**2 - 3*o - 3. Let t be w(-2). Suppose -t = -9*u + 343. List the prime factors of u.
2, 3
Let i(d) = -d - 1. Let t = 19 + -24. Let r be i(t). Suppose 0 = r*k - 2*k - 18. What are the prime factors of k?
3
Let x = 79 - 113. Let p = 16 + -21. Let j = p - x. What are the prime factors of j?
29
Let c = -94 - -99. Suppose c*m = -5*k + 525 + 460, -2*m + 3*k + 369 = 0. List the prime factors of m.
2, 3
Let g(t) = 5*t**2 + 7*t + 22. Let n be g(-7). Suppose 2*l + 0*l = -3*o + 654, -o = -l - n. What are the prime factors of o?
2, 109
Suppose -2*g = -g. Let b(r) = r**2 + 57. Let z be b(g). Suppose -5*v = 12 - z. List the prime factors of v.
3
Suppose d - 2 = 3. Let k = 330 + -330. Suppose m - d*m + 96 = k. What are the prime factors of m?
2, 3
Let r(v) = 188*v**3 - 8*v**2 + 5*v + 2. What are the prime factors of r(2)?
2, 7, 53
Let x(c) = c + 27. Suppose -4*v - 4*z + 0*z + 32 = 0, 5*z = 3*v + 16. Suppose -27 = k + v*k - 5*w, 6 = -2*k + 4*w. List the prime factors of x(k).
2, 7
Suppose -2*q - m = -2*m - 58, 0 = 5*m + 20. Suppose 0 = -2*r + 159 + q. What are the prime factors of r?
3, 31
Suppose 11*i = -6 + 39. What are the prime factors of (0 - i)*(-1 + -7 - -5)?
3
Suppose 4*r = 2*d - 8, 5 - 41 = -4*d - 2*r. List the prime factors of 4 + (221 - -3*d/(-12)).
223
Suppose -128 = -3*y - y. Suppose 16 = -d + 2*d - 4*s, 5*d - y = 4*s. List the prime factors of d.
2
Suppose -6*z + 2444 = -2*z + 3*p, z - 611 = 3*p. Let y = -435 + z. What are the prime factors of y?
2, 11
Let p = -126 + 56. Let k = -43 - p. List the prime factors of k.
3
Let u = 102 - -418. List the prime factors of u.
2, 5, 13
Suppose 0 = 5*v - 25, 2*b - 2*v - 622 = 422. List the prime factors of b.
17, 31
Suppose b - 2*d -